) = -20*n + 61. Let r be h(3). Let f be (16/(-12))/4*(r - 4). Let j(q) = -10*q**2 + 1. Calculate j(f).
-9
Let a(g) = 1650*g**2 + 5*g - 1 - 838*g**2 - 813*g**2 - 5. Let t = -9 - -11. What is a(t)?
0
Let p be (-3 - -1) + ((-55 + 25)/30)/1. Let i(n) = n**2 + 4*n + 2. Let t be i(-4). Let o(l) = -5*l**3 - 3*l + 2*l**3 + 2*l**t + 4*l**3 - 3. Calculate o(p).
-3
Let z(m) = 5*m - 6. Let f(p) = 3 - 5*p + 3*p + 0. Let n(h) = 5*f(h) + 3*z(h). Suppose -3 = -43*k + 25*k + 17*k. What is n(k)?
12
Let o(r) = -10*r - 2. Let h(p) = 30*p + 6. Let a = 210 + -221. Let y(x) = a*o(x) - 4*h(x). Calculate y(-2).
18
Let s = 8 + -5. Let o(l) = 4*l**2 + 33*l - 29. Let z(i) = 9*i**2 + 71*i - 64. Let n(m) = 13*o(m) - 6*z(m). Determine n(s).
-2
Let m(z) = -8 + 3 - 8*z + 2*z + z. Let l = -38 + -16. Let p = l + 50. Give m(p).
15
Let v(c) be the third derivative of 0*c + 1/8*c**4 - 21*c**2 - 1/3*c**3 - 1/60*c**5 + 0. What is v(6)?
-20
Let b(g) = 2*g**2 - 69*g - 27. Suppose 0 = 4*d + 3*f - 97 - 34, -2*d + 4*f + 82 = 0. Determine b(d).
8
Let d(s) = 186960 - 2*s - 373917 + 186955 + 97*s**2. What is d(-1)?
97
Let g = 23714 + -23707. Let q(i) = i**3 - 6*i**2 - 10*i - 16. Calculate q(g).
-37
Let x(y) = 11*y**3 + 32*y**2 - 47*y - 38. Let n(o) = -7*o**3 - 20*o**2 + 31*o + 25. Let v(i) = -8*n(i) - 5*x(i). Calculate v(-3).
2
Let j(n) = -28*n**3 - n**2 + 1. Let y be 180/(-48) - (-6)/8. Let q be (y*(4 + 70/(-15)))/2. Calculate j(q).
-28
Let v(p) = 23*p**2 + 528*p - 8. Let n be v(-23). Let r(w) = -w**2 + 23*w - 134. Calculate r(n).
-14
Let y(v) = -35*v**3 + 22*v**2 + 25*v + 2. Let m(j) = -9*j**3 + 5*j**2 + 6*j. Let l(d) = 9*m(d) - 2*y(d). Determine l(1).
-10
Let g(f) = 3*f - 75. Let q be g(28). Let p(z) = 1443 + q*z**2 - 1449 + 0*z**3 + z**3. Determine p(-9).
-6
Let k(y) = 3*y**3 - 16*y**2 - 2*y**3 + 3655 - 17*y - 3658. Calculate k(17).
-3
Let m(a) be the first derivative of 7*a**6/60 + a**5/60 + a**4/24 + a**2 - 4*a - 21. Let j(q) be the second derivative of m(q). Give j(-1).
-14
Let p(n) = n**2 + 6*n - 6. Let m be (5*-6)/(((-54)/20)/9). Let x = m - 225. Let f = x - -120. Determine p(f).
-11
Let x be -4*((-16 - -7) + 10). Let m(g) = g**3 + 4*g**2 - 3*g - 6. Give m(x).
6
Let a(r) = -25*r - 111. Let w be a(-15). Let n = w + -265. Let i(f) = 3*f**3 - 1. Determine i(n).
-4
Suppose 16*w - 5210 = -5386. Let x(k) = -2*k**2 - 21*k + 20. What is x(w)?
9
Suppose 14*t = 9*t + 60. Let a be (-16)/t*75/(-10). Let o(u) = -u**3 + 10*u**2 + u - 6. Calculate o(a).
4
Let l(y) be the first derivative of 41*y**2/2 - y + 573. Let m be 6/9 + (-10)/6. What is l(m)?
-42
Suppose -24 = 3*t - 7*t - 4*g, 5*t = -g + 10. Suppose u = -5*d + 8, 4 = -4*d - 3*u + 6. Let w(m) = -1 + 4*m**2 + 2*m - 2*m**d + 0 + 10*m**2. What is w(t)?
13
Suppose 0 = -3*s - 110 + 131. Let d(z) = 5*z**2 - 6*z + 6. Let v(t) = t**2 + t + 1. Let i(l) = -d(l) + 4*v(l). What is i(s)?
19
Let b(u) be the third derivative of u**6/60 - 9*u**5/20 + 11*u**4/24 + 7*u**3 - 6087*u**2. Give b(13).
16
Let r be ((-15)/(-17) - (-2)/17)*3. Let x(a) = 5*a**2 + r + 6*a + 124*a**3 - 247*a**3 + 124*a**3. Calculate x(-5).
-27
Let o(i) be the first derivative of i**3/3 - 4*i**2 + 6*i + 1. Let l(h) = -4*h**2 + 0*h**2 - 11 - 1 + 5*h**2. Let n be l(-4). Determine o(n).
-10
Suppose 2*v = -4*a + 12, -a - 3*v + 2 = -2*v. Let t(f) = 3*f + 14 - 21*f**2 + 4*f + a*f + 22*f**2. Suppose 3*y = 5*p + 50, -3*p - 30 = -0*p - 4*y. Give t(p).
4
Let c(v) be the second derivative of -v**4/12 + 3*v**3/2 + 21*v**2 - 1361*v. Calculate c(-3).
6
Let v(r) = -2*r**2 - 7*r + 65. Let q(a) = a**2 + 3*a - 33. Let u(c) = -9*q(c) - 4*v(c). Determine u(6).
7
Let h(v) = -3*v**2 - 7*v + 4. Let n(t) = -7*t**2 - 11*t. Let m(p) = -6*p**2 - 9*p. Let q(k) = -6*m(k) + 5*n(k). Let a(i) = h(i) + 2*q(i). Calculate a(-7).
18
Suppose 0 = -2*i - 4*u + 24, -5*i + 19 = -3*i + 3*u. Let v(t) = t**2 - 2*t - 32. Let j be v(7). Let n(a) = 3 + a - j*a - 8*a + a. Determine n(i).
-15
Let p(a) = -a**2 + 3*a + 4. Let m(g) be the second derivative of 5*g**3/6 + 59*g**2 - 138*g. Let f be m(-22). What is p(f)?
-36
Suppose r - 4*r - 47 = 5*x, -4*x - 2*r = 38. Suppose -73 = m - 77. Let v(h) = -323*h + 157*h + 165*h - m. Give v(x).
6
Let s(d) = -2*d + 3. Suppose -64*r + 6 = -62*r, -2*w = -5*r + 15. What is s(w)?
3
Let d be 11 - (39 + -24 + -1). Let n(g) = g**3 + 5*g - 2*g**2 - 2*g**3 - 3 - 3*g. Give n(d).
0
Let k(z) = -2*z**3 + z**2 + 3*z - 15. Let x = -12118 - -12118. Determine k(x).
-15
Let a be (-1)/30*1*(-75)/12. Let f(q) be the third derivative of a*q**4 - 1/60*q**5 + 0 - 22*q**2 - 1/3*q**3 + 0*q. Calculate f(6).
-8
Let q(w) = -325*w**2 - 10*w - 2 + 15 - 320*w**2 + 6 + 646*w**2. What is q(5)?
-6
Let y = 53 - 50. Suppose -2*g + y*m - 1 = 0, -4*m + 0*m + 8 = -g. Let k(p) = p**3 - 3*p**2 - 6*p + 4. Determine k(g).
-4
Let f(p) = -11*p**2 - 7*p - 5. Suppose 16*w = 8*w - 56. Let n(c) = -17*c**2 - 10*c - 7. Let h(g) = w*f(g) + 5*n(g). What is h(1)?
-9
Let i(g) = -5*g**2 - g - 4. Suppose 0 = -5*m + q - 20, q + 3*q = 2*m + 8. Let s(a) = -6*a**2 - 3*a - 4. Let f(c) = m*s(c) + 5*i(c). Determine f(5).
6
Let j be (5 + 42/(-18))/(4/12). Suppose -2*h = -4*u + 7*u - 31, j = 4*h. Let w(m) = m - 15. Calculate w(u).
-6
Let z = 6 - 4. Let m(o) = 2*o**2 - 3 + 0*o**2 + 4 - 2. Let c(p) = -p**3 - 6*p**2 - p + 4. Let y(u) = c(u) + 3*m(u). Calculate y(z).
-9
Let k = 106 - 39. Let a = k + -64. Let v be ((-4)/(-1) - 6) + a. Let y(n) = 9*n + 1. Give y(v).
10
Let v = -46 + 48. Let k(y) = y**2 + y**2 + 3*y + v - 1 + 1. Suppose -18 = 3*l - 5*p - 2, 2*l - 5*p + 14 = 0. Give k(l).
4
Let x(v) = -33*v**3 - 21*v + 22*v + 0*v**3 - 13*v**3 - v**2. What is x(1)?
-46
Let m be (-168)/(-14) + -15 - -8. Let v(r) = -3*r**2 + 13*r + 2. What is v(m)?
-8
Let l(q) = -7*q + 3. Let a(v) = 4*v + 16. Let i(b) = -b. Let k(s) = a(s) + 5*i(s). Let f = 25 - 11. Let o be k(f). Determine l(o).
-11
Let l(a) be the first derivative of a**4 + a**3/3 + a**2/2 + a + 1. Let y(u) = -82*u - 716 - 142 + 365. Let j be y(-6). What is l(j)?
-3
Let d(b) = b**3 + 9*b**2 + 2*b + 3. Let p(q) = q**2 + 1. Let l(m) = d(m) - 3*p(m). Suppose 3003 + 2001 = -834*k. Determine l(k).
-12
Let i(l) = 43*l**3 - 8*l**2 + 37*l**3 - 530 + 560 - 81*l**3 + 31*l - 7*l. Calculate i(-10).
-10
Let b be 18/(-3) + 2 - 3. Let q(v) be the third derivative of -v**6/120 - v**5/10 + v**4/4 - 5*v**3/6 - 3615*v**2. What is q(b)?
2
Let c(q) be the first derivative of -q**2/2 - 9*q + 230. Let j(h) = -6*h - 57. Let g(k) = 39*c(k) - 6*j(k). Calculate g(-7).
12
Let j(a) = 5 - 97*a**3 - 96*a**3 + 194*a**3 + 1 - 8*a. Determine j(4).
38
Let z(f) = -3*f**3 + 6*f**2 + 4*f + 45. Let n(u) = -7*u**3 + 12*u**2 + 8*u + 116. Let r(s) = 2*n(s) - 5*z(s). Give r(7).
28
Let l be ((-21)/5*-1)/(1/5). Suppose -n - 2*n - l = 0. Let y(k) = -3*k - 10. Determine y(n).
11
Let s(z) be the first derivative of 0*z**4 + 0*z + 27 + 1/2*z**2 + 0*z**3 + 1/10*z**5. Let l(k) be the second derivative of s(k). Give l(-1).
6
Let l = -159 - -500. Suppose -345*r + 12 = -l*r. Let f(g) = g**3 - 4*g**2 - 2*g + 3. Determine f(r).
-12
Let j = 67 + -115. Let f = -44 - j. Let t(v) = 0*v**2 - v**3 - v**2 - 1 + 1 - f. Give t(-3).
14
Let x(f) = 2*f**2 - 2*f + 2756. Let m be x(0). Let o(s) = -m*s**2 + 2755*s**2 + s**3 + 3*s**3 - 2. What is o(2)?
26
Let g(a) be the second derivative of a**5/20 + 3*a**4/4 + 11*a**3/6 + a**2 + 1073*a. Determine g(-3).
23
Suppose 5*u = 6 - 56. Let o be u/(-4) + 3*(-3)/(-18). Let t(n) = 3*n - 4*n**2 + 0*n**3 + n**o + 5 - 5. Give t(3).
0
Let s = 11 + -18. Let y(i) be the third derivative of i**6/120 + 2*i**5/15 + i**4/3 + i**3/3 - 6303*i**2. Calculate y(s).
-5
Let f(x) = 2*x + 1 - 2 - 4*x. Let j(u) be the first derivative of u**3/3 + 15*u**2 + 123*u + 25. Let m be j(-25). Give f(m).
3
Let b(k) = 2*k**2 + 3*k + 7. Let y be b(4). Let x(n) = -99 + 50 - n + y. Suppose 2*m = 4, 3*m + 0*m - 15 = -3*j. Give x(j).
-1
Let s = -25 - -40. Suppose 0 = 5*j - 0*f + 4*f + 19, -2*f = -j - s. Let r be 0/2*j/14. Let c(m) = -m + 6. Determine c(r).
6
Let u = 3 - 8. Let v(j) = 16*j + 6 + 25*j + 1 - 2 - 40*j. Give v(u).
0
Let y = -489 - -496. Let l(f) be the second derivative of -f**4/12 + f**3 + 17*f**2/2 + 116*f. Determine l(y).
10
Let t(w) = w + 6. Let a(f) = 3*f + 17. Let u = -32 - -28. Let m(p) = u*a(p) + 11*t(p). Calculate m(-7).
5
Let l be (-3785)/(-660) - (-1)/12 - (